{"id":514,"date":"2023-03-15T13:11:06","date_gmt":"2023-03-15T12:11:06","guid":{"rendered":"http:\/\/ophtalmo-chazay.com\/?page_id=514"},"modified":"2023-10-23T16:00:50","modified_gmt":"2023-10-23T14:00:50","slug":"le-glaucome","status":"publish","type":"page","link":"https:\/\/ophtalmo-chazay.com\/index.php\/le-glaucome\/","title":{"rendered":"Le Glaucome"},"content":{"rendered":"\t\t<div data-elementor-type=\"wp-page\" data-elementor-id=\"514\" class=\"elementor elementor-514\">\n\t\t\t\t\t\t<section class=\"elementor-section elementor-top-section elementor-element elementor-element-49d97d4 elementor-section-stretched elementor-section-boxed elementor-section-height-default elementor-section-height-default\" data-id=\"49d97d4\" data-element_type=\"section\" data-settings=\"{&quot;stretch_section&quot;:&quot;section-stretched&quot;}\">\n\t\t\t\t\t\t<div class=\"elementor-container elementor-column-gap-default\">\n\t\t\t\t\t<div class=\"elementor-column elementor-col-100 elementor-top-column elementor-element elementor-element-c65c30b\" data-id=\"c65c30b\" data-element_type=\"column\" data-settings=\"{&quot;background_background&quot;:&quot;classic&quot;}\">\n\t\t\t<div class=\"elementor-widget-wrap elementor-element-populated\">\n\t\t\t\t\t\t<div class=\"elementor-element elementor-element-4e6df6c elementor-widget elementor-widget-text-editor\" data-id=\"4e6df6c\" data-element_type=\"widget\" data-widget_type=\"text-editor.default\">\n\t\t\t\t<div class=\"elementor-widget-container\">\n\t\t\t\t\t\t\t\t\t<h4 class=\"p2\"><strong>\u00a0 \u00a0 \u00a0 \u00a0 \u00a0 \u00a0 \u00a0 \u00a0 \u00a0 \u00a0 \u00a0 \u00a0 \u00a0 \u00a0 \u00a0 \u00a0 \u00a0 \u00a0 \u00a0 \u00a0 \u00a0 \u00a0 \u00a0 \u00a0 \u00a0 \u00a0 \u00a0 \u00a0 \u00a0 \u00a0 Le glaucome \u00e0 angle ouvert\u00a0<\/strong><\/h4><p class=\"p2\"><strong>Le glaucome \u00e0 angle ouvert est une neuropathie optique progressive. Cette pathologie atteint les cellules ganglionnaires responsables du transport de l\u2019information de l\u2019\u0153il au cerveau.<span class=\"Apple-converted-space\">\u00a0<\/span><\/strong><\/p><p class=\"p2\"><strong>L\u2019atteinte est lente et tr\u00e8s longtemps asymptomatique.<\/strong> Pour que la pathologie soit per\u00e7ue par la personne atteinte, il faut que les deux tiers des fibres existantes aient d\u00e9j\u00e0 disparu.<\/p><p class=\"p2\">Seul un examen chez votre ophtalmologue permet de d\u00e9pister pr\u00e9cocement un glaucome et de limiter sa progression. Il est d\u2019autant plus important que le d\u00e9pistage soit pr\u00e9coce car l\u2019atteinte est irr\u00e9versible.<\/p><p class=\"p2\"><strong><span style=\"text-decoration: underline;\">LE D\u00c9PISTAGE<\/span><span class=\"Apple-converted-space\">\u00a0:<\/span><\/strong><\/p><p class=\"p2\"><strong>Les facteurs de risque du glaucome \u00e0 angle ouvert sont bien connus.<\/strong> On peut citer les ant\u00e9c\u00e9dents familiaux, une forte myopie, l\u2019apn\u00e9e du sommeil, et une pression intraoculaire \u00e9lev\u00e9e.<span class=\"Apple-converted-space\">\u00a0<\/span><\/p><p class=\"p2\"><strong>Le meilleur moyen de d\u00e9pister un glaucome est de r\u00e9aliser une OCT.<\/strong> Lors de cet examen, les fibres sont directement mesur\u00e9es compar\u00e9es \u00e0 la population du m\u00eame \u00e2ge. Ce test est non invasif et totalement objectif.<span class=\"Apple-converted-space\">\u00a0<\/span><\/p><p class=\"p2\"><span style=\"text-decoration: underline;\"><strong>LA PRISE EN CHARGE<\/strong><\/span><strong>\u00a0:<\/strong><\/p><p class=\"p2\">La prise en charge d\u2019un glaucome s\u2019inscrit dans la dur\u00e9e, <strong>il est important pour mieux cibler le traitement de surveiller r\u00e9guli\u00e8rement la pression intra-oculaire, le champ visuel et l\u2019OCT.<\/strong><\/p><p class=\"p2\"><span style=\"text-decoration: underline;\"><strong>LES TRAITEMENTS<\/strong><\/span><strong>\u00a0:<\/strong><\/p><p class=\"p2\">L\u2019ensemble <strong>des traitements<\/strong> pour le glaucome primaire \u00e0 angle ouvert <strong>ont pour but de diminuer la pression intraoculaire.<\/strong> Ces traitements sont sous forme de collyres \u00e0 instiller tous les soirs. Il existe \u00e9galement des traitements par laser.<\/p><p class=\"p2\"><strong>Si le glaucome n\u2019est pas contr\u00f4l\u00e9 par le traitement m\u00e9dical, un traitement chirurgical peut \u00eatre propos\u00e9.<\/strong><\/p>\t\t\t\t\t\t\t\t<\/div>\n\t\t\t\t<\/div>\n\t\t\t\t\t<\/div>\n\t\t<\/div>\n\t\t\t\t\t<\/div>\n\t\t<\/section>\n\t\t\t\t<section class=\"elementor-section elementor-top-section elementor-element elementor-element-809d6a0 elementor-section-stretched elementor-section-boxed elementor-section-height-default elementor-section-height-default\" data-id=\"809d6a0\" data-element_type=\"section\" data-settings=\"{&quot;stretch_section&quot;:&quot;section-stretched&quot;,&quot;background_background&quot;:&quot;classic&quot;}\">\n\t\t\t\t\t\t<div class=\"elementor-container elementor-column-gap-default\">\n\t\t\t\t\t<div class=\"elementor-column elementor-col-100 elementor-top-column elementor-element elementor-element-5d4ab09\" data-id=\"5d4ab09\" data-element_type=\"column\" data-settings=\"{&quot;background_background&quot;:&quot;classic&quot;}\">\n\t\t\t<div class=\"elementor-widget-wrap elementor-element-populated\">\n\t\t\t\t\t<div class=\"elementor-background-overlay\"><\/div>\n\t\t\t\t\t\t<div class=\"elementor-element elementor-element-1590859 elementor-widget__width-inherit elementor-widget elementor-widget-text-editor\" data-id=\"1590859\" data-element_type=\"widget\" data-widget_type=\"text-editor.default\">\n\t\t\t\t<div class=\"elementor-widget-container\">\n\t\t\t\t\t\t\t\t\t<h4 class=\"p1\"><strong>\u00a0 \u00a0 \u00a0 \u00a0 \u00a0 \u00a0 \u00a0 \u00a0 \u00a0 \u00a0 \u00a0 \u00a0 \u00a0 \u00a0 \u00a0 \u00a0 \u00a0 \u00a0 \u00a0 \u00a0 \u00a0 \u00a0 \u00a0 Le glaucome aigu \u00e0 angle ferm\u00e9<\/strong><\/h4><p class=\"p1\"><strong>Le Glaucome aigu \u00e0 angle ferm\u00e9 est beaucoup plus rare et totalement diff\u00e9rent du glaucome chronique \u00e0 angle ouvert.<\/strong> Il est brutal et extr\u00eamement douloureux.<\/p><p class=\"p1\">Sa gravit\u00e9 est potentiellement plus importante car d\u2019\u00e9volution tr\u00e8s rapide. <strong>C\u2019est une urgence ophtalmologique.<\/strong><\/p><p class=\"p1\">Il est possible de pr\u00e9venir l\u2019arriv\u00e9e d\u2019un glaucome \u00e0 angle ferm\u00e9 en r\u00e9alisant une mesure de l\u2019angle irido-corn\u00e9en via l\u2019OCT ou gr\u00e2ce \u00e0 une Gonioscopie.<span class=\"Apple-converted-space\">\u00a0<\/span><\/p><p class=\"p1\">Dans certains cas, il est n\u00e9cessaire de r\u00e9aliser une iridotomie au laser dans le but de diminuer le risque de glaucome \u00e0 angle ferm\u00e9.<\/p>\t\t\t\t\t\t\t\t<\/div>\n\t\t\t\t<\/div>\n\t\t\t\t\t<\/div>\n\t\t<\/div>\n\t\t\t\t\t<\/div>\n\t\t<\/section>\n\t\t\t\t<\/div>\n\t\t","protected":false},"excerpt":{"rendered":"<p>\u00a0 \u00a0 \u00a0 \u00a0 \u00a0 \u00a0 \u00a0 \u00a0 \u00a0 \u00a0 \u00a0 \u00a0 \u00a0 \u00a0 \u00a0 \u00a0 \u00a0 \u00a0 \u00a0 \u00a0 \u00a0 \u00a0 \u00a0 \u00a0 \u00a0 \u00a0 \u00a0 \u00a0 \u00a0 \u00a0 Le glaucome \u00e0 angle ouvert\u00a0 Le glaucome \u00e0 angle ouvert est une neuropathie optique progressive. Cette pathologie atteint les cellules ganglionnaires responsables du transport de [&hellip;]<\/p>\n","protected":false},"author":1,"featured_media":0,"parent":0,"menu_order":0,"comment_status":"closed","ping_status":"closed","template":"","meta":{"_acf_changed":false,"inline_featured_image":false,"_monsterinsights_skip_tracking":false,"_monsterinsights_sitenote_active":false,"_monsterinsights_sitenote_note":"","_monsterinsights_sitenote_category":0,"footnotes":""},"class_list":["post-514","page","type-page","status-publish","hentry"],"acf":[],"aioseo_notices":[],"_links":{"self":[{"href":"https:\/\/ophtalmo-chazay.com\/index.php\/wp-json\/wp\/v2\/pages\/514","targetHints":{"allow":["GET"]}}],"collection":[{"href":"https:\/\/ophtalmo-chazay.com\/index.php\/wp-json\/wp\/v2\/pages"}],"about":[{"href":"https:\/\/ophtalmo-chazay.com\/index.php\/wp-json\/wp\/v2\/types\/page"}],"author":[{"embeddable":true,"href":"https:\/\/ophtalmo-chazay.com\/index.php\/wp-json\/wp\/v2\/users\/1"}],"replies":[{"embeddable":true,"href":"https:\/\/ophtalmo-chazay.com\/index.php\/wp-json\/wp\/v2\/comments?post=514"}],"version-history":[{"count":29,"href":"https:\/\/ophtalmo-chazay.com\/index.php\/wp-json\/wp\/v2\/pages\/514\/revisions"}],"predecessor-version":[{"id":1386,"href":"https:\/\/ophtalmo-chazay.com\/index.php\/wp-json\/wp\/v2\/pages\/514\/revisions\/1386"}],"wp:attachment":[{"href":"https:\/\/ophtalmo-chazay.com\/index.php\/wp-json\/wp\/v2\/media?parent=514"}],"curies":[{"name":"wp","href":"https:\/\/api.w.org\/{rel}","templated":true}]}}