{"id":524,"date":"2023-03-15T13:16:09","date_gmt":"2023-03-15T12:16:09","guid":{"rendered":"http:\/\/ophtalmo-chazay.com\/?page_id=524"},"modified":"2023-10-25T19:13:04","modified_gmt":"2023-10-25T17:13:04","slug":"les-pathologies-des-paupieres-et-des-voies-lacrymales","status":"publish","type":"page","link":"https:\/\/ophtalmo-chazay.com\/index.php\/les-pathologies-des-paupieres-et-des-voies-lacrymales\/","title":{"rendered":"Les pathologies des paupi\u00e8res et des voies lacrymales"},"content":{"rendered":"\t\t<div data-elementor-type=\"wp-page\" data-elementor-id=\"524\" class=\"elementor elementor-524\">\n\t\t\t\t\t\t<section class=\"elementor-section elementor-top-section elementor-element elementor-element-fd4c236 elementor-section-stretched elementor-section-boxed elementor-section-height-default elementor-section-height-default\" data-id=\"fd4c236\" data-element_type=\"section\" data-settings=\"{&quot;stretch_section&quot;:&quot;section-stretched&quot;,&quot;background_background&quot;:&quot;classic&quot;}\">\n\t\t\t\t\t\t<div class=\"elementor-container elementor-column-gap-default\">\n\t\t\t\t\t<div class=\"elementor-column elementor-col-100 elementor-top-column elementor-element elementor-element-93541a7\" data-id=\"93541a7\" data-element_type=\"column\" data-settings=\"{&quot;background_background&quot;:&quot;classic&quot;}\">\n\t\t\t<div class=\"elementor-widget-wrap elementor-element-populated\">\n\t\t\t\t\t\t<div class=\"elementor-element elementor-element-7623b63 elementor-widget elementor-widget-text-editor\" data-id=\"7623b63\" data-element_type=\"widget\" data-widget_type=\"text-editor.default\">\n\t\t\t\t<div class=\"elementor-widget-container\">\n\t\t\t\t\t\t\t\t\t<p class=\"p1\">Les paupi\u00e8res sont des annexes de l\u2019oeil pouvant pr\u00e9senter des anomalies de position ou des pathologies pouvant \u00eatre trait\u00e9es au sein du Centre Ophtalmologique de l\u2019Ouest Lyonnais.<\/p>\t\t\t\t\t\t\t\t<\/div>\n\t\t\t\t<\/div>\n\t\t\t\t\t<\/div>\n\t\t<\/div>\n\t\t\t\t\t<\/div>\n\t\t<\/section>\n\t\t\t\t<section class=\"elementor-section elementor-top-section elementor-element elementor-element-6191a3d elementor-section-stretched elementor-section-boxed elementor-section-height-default elementor-section-height-default\" data-id=\"6191a3d\" data-element_type=\"section\" data-settings=\"{&quot;stretch_section&quot;:&quot;section-stretched&quot;,&quot;background_background&quot;:&quot;classic&quot;}\">\n\t\t\t\t\t\t\t<div class=\"elementor-background-overlay\"><\/div>\n\t\t\t\t\t\t\t<div class=\"elementor-container elementor-column-gap-default\">\n\t\t\t\t\t<div class=\"elementor-column elementor-col-100 elementor-top-column elementor-element elementor-element-4494707\" data-id=\"4494707\" data-element_type=\"column\">\n\t\t\t<div class=\"elementor-widget-wrap elementor-element-populated\">\n\t\t\t\t\t\t<div class=\"elementor-element elementor-element-287a85c elementor-tabs-view-vertical elementor-widget elementor-widget-tabs\" data-id=\"287a85c\" data-element_type=\"widget\" data-widget_type=\"tabs.default\">\n\t\t\t\t<div class=\"elementor-widget-container\">\n\t\t\t\t\t\t\t<div class=\"elementor-tabs\">\n\t\t\t<div class=\"elementor-tabs-wrapper\" role=\"tablist\" >\n\t\t\t\t\t\t\t\t\t<div id=\"elementor-tab-title-4241\" class=\"elementor-tab-title elementor-tab-desktop-title\" aria-selected=\"true\" data-tab=\"1\" role=\"tab\" tabindex=\"0\" aria-controls=\"elementor-tab-content-4241\" aria-expanded=\"false\">Le chalazion<\/div>\n\t\t\t\t\t\t\t\t\t<div id=\"elementor-tab-title-4242\" class=\"elementor-tab-title elementor-tab-desktop-title\" aria-selected=\"false\" data-tab=\"2\" role=\"tab\" tabindex=\"-1\" aria-controls=\"elementor-tab-content-4242\" aria-expanded=\"false\">le ptosis<\/div>\n\t\t\t\t\t\t\t\t\t<div id=\"elementor-tab-title-4243\" class=\"elementor-tab-title elementor-tab-desktop-title\" aria-selected=\"false\" data-tab=\"3\" role=\"tab\" tabindex=\"-1\" aria-controls=\"elementor-tab-content-4243\" aria-expanded=\"false\">le dermatochalasis<\/div>\n\t\t\t\t\t\t\t\t\t<div id=\"elementor-tab-title-4244\" class=\"elementor-tab-title elementor-tab-desktop-title\" aria-selected=\"false\" data-tab=\"4\" role=\"tab\" tabindex=\"-1\" aria-controls=\"elementor-tab-content-4244\" aria-expanded=\"false\">l'entropion<\/div>\n\t\t\t\t\t\t\t\t\t<div id=\"elementor-tab-title-4245\" class=\"elementor-tab-title elementor-tab-desktop-title\" aria-selected=\"false\" data-tab=\"5\" role=\"tab\" tabindex=\"-1\" aria-controls=\"elementor-tab-content-4245\" aria-expanded=\"false\">l'ecTRopion<\/div>\n\t\t\t\t\t\t\t<\/div>\n\t\t\t<div class=\"elementor-tabs-content-wrapper\" role=\"tablist\" aria-orientation=\"vertical\">\n\t\t\t\t\t\t\t\t\t<div class=\"elementor-tab-title elementor-tab-mobile-title\" aria-selected=\"true\" data-tab=\"1\" role=\"tab\" tabindex=\"0\" aria-controls=\"elementor-tab-content-4241\" aria-expanded=\"false\">Le chalazion<\/div>\n\t\t\t\t\t<div id=\"elementor-tab-content-4241\" class=\"elementor-tab-content elementor-clearfix\" data-tab=\"1\" role=\"tabpanel\" aria-labelledby=\"elementor-tab-title-4241\" tabindex=\"0\" hidden=\"false\"><p><\/p>\n<p><b>Le chalazion est une Inflammation d\u2019une glande de meibomus<\/b> entrainant une masse au niveau de la paupi\u00e8re.<\/p>\n<p>Le chalazion est favoris\u00e9 par la bl\u00e9pharite, la fatigue et un d\u00e9faut visuel non corrig\u00e9. <i>Le traitement du chalazion se fait en g\u00e9n\u00e9ral par une pommade associ\u00e9e \u00e0 des soins de paupi\u00e8res r\u00e9guliers. <\/i>Si ce traitement \u00e9choue, il est possible d\u2019inciser le chalazion.<\/p>\n<p><\/p><\/div>\n\t\t\t\t\t\t\t\t\t<div class=\"elementor-tab-title elementor-tab-mobile-title\" aria-selected=\"false\" data-tab=\"2\" role=\"tab\" tabindex=\"-1\" aria-controls=\"elementor-tab-content-4242\" aria-expanded=\"false\">le ptosis<\/div>\n\t\t\t\t\t<div id=\"elementor-tab-content-4242\" class=\"elementor-tab-content elementor-clearfix\" data-tab=\"2\" role=\"tabpanel\" aria-labelledby=\"elementor-tab-title-4242\" tabindex=\"0\" hidden=\"hidden\"><p><\/p>\n<p><b>Le ptosis est un affaissement de la paupi\u00e8re sup\u00e9rieure entrainant une perte de champ visuel r\u00e9versible.<\/b><\/p>\n<p>Si le ptosis entraine une g\u00eane fonctionnelle trop importante au quotidien, <i>il est possible de traiter le ptosis de mani\u00e8re chirurgicale sous anesth\u00e9sie locale.<\/i><\/p>\n<p><\/p><\/div>\n\t\t\t\t\t\t\t\t\t<div class=\"elementor-tab-title elementor-tab-mobile-title\" aria-selected=\"false\" data-tab=\"3\" role=\"tab\" tabindex=\"-1\" aria-controls=\"elementor-tab-content-4243\" aria-expanded=\"false\">le dermatochalasis<\/div>\n\t\t\t\t\t<div id=\"elementor-tab-content-4243\" class=\"elementor-tab-content elementor-clearfix\" data-tab=\"3\" role=\"tabpanel\" aria-labelledby=\"elementor-tab-title-4243\" tabindex=\"0\" hidden=\"hidden\"><p><\/p>\n<p><b>Le dermatochalasis est un surplus de peau au dessus de la paupi\u00e8re sup\u00e9rieure.<\/b><\/p>\n<p>La g\u00eane est esth\u00e9tique et devient parfois fonctionnelle si le champ visuel est atteint. <i>Le traitement du dermatochalasis est chirurgical sous anesth\u00e9sie locale.<\/i><\/p>\n<p><\/p><\/div>\n\t\t\t\t\t\t\t\t\t<div class=\"elementor-tab-title elementor-tab-mobile-title\" aria-selected=\"false\" data-tab=\"4\" role=\"tab\" tabindex=\"-1\" aria-controls=\"elementor-tab-content-4244\" aria-expanded=\"false\">l'entropion<\/div>\n\t\t\t\t\t<div id=\"elementor-tab-content-4244\" class=\"elementor-tab-content elementor-clearfix\" data-tab=\"4\" role=\"tabpanel\" aria-labelledby=\"elementor-tab-title-4244\" tabindex=\"0\" hidden=\"hidden\"><p>\u00a0<\/p><p>C\u2019est la paupi\u00e8re qui s\u2019enroule sur elle-m\u00eame, entrainant un frottement des cils contre l\u2019oeil et la corn\u00e9e.<\/p><p>Le traitement de l\u2019entropion passe d\u2019abord par l\u2019utilisation de larmes artificielles associ\u00e9es \u00e0 un traitement cicatrisant pour diminuer l\u2019irritation. Si ce traitement n\u2019est pas suffisant, une intervention chirurgicale peut \u00eatre envisag\u00e9e.<\/p><p>\u00a0<\/p><\/div>\n\t\t\t\t\t\t\t\t\t<div class=\"elementor-tab-title elementor-tab-mobile-title\" aria-selected=\"false\" data-tab=\"5\" role=\"tab\" tabindex=\"-1\" aria-controls=\"elementor-tab-content-4245\" aria-expanded=\"false\">l'ecTRopion<\/div>\n\t\t\t\t\t<div id=\"elementor-tab-content-4245\" class=\"elementor-tab-content elementor-clearfix\" data-tab=\"5\" role=\"tabpanel\" aria-labelledby=\"elementor-tab-title-4245\" tabindex=\"0\" hidden=\"hidden\"><p><\/p>\n<p><b>C\u2019est la paupi\u00e8re qui se retourne vers l\u2019ext\u00e9rieur entra\u00eenant une g\u00eane esth\u00e9tique et une s\u00e9cheresse oculaire.<\/b><\/p>\n<p>Le traitement de l\u2019ectropion est chirurgical afin de repositionner la paupi\u00e8re.<\/p>\n<p><\/p><\/div>\n\t\t\t\t\t\t\t<\/div>\n\t\t<\/div>\n\t\t\t\t\t\t<\/div>\n\t\t\t\t<\/div>\n\t\t\t\t\t<\/div>\n\t\t<\/div>\n\t\t\t\t\t<\/div>\n\t\t<\/section>\n\t\t\t\t<\/div>\n\t\t","protected":false},"excerpt":{"rendered":"<p>Les paupi\u00e8res sont des annexes de l\u2019oeil pouvant pr\u00e9senter des anomalies de position ou des pathologies pouvant \u00eatre trait\u00e9es au sein du Centre Ophtalmologique de l\u2019Ouest Lyonnais. Le chalazion le ptosis le dermatochalasis l&rsquo;entropion l&rsquo;ecTRopion Le chalazion Le chalazion est une Inflammation d\u2019une glande de meibomus entrainant une masse au niveau de la paupi\u00e8re. Le [&hellip;]<\/p>\n","protected":false},"author":1,"featured_media":0,"parent":0,"menu_order":0,"comment_status":"closed","ping_status":"closed","template":"","meta":{"_acf_changed":false,"inline_featured_image":false,"_monsterinsights_skip_tracking":false,"_monsterinsights_sitenote_active":false,"_monsterinsights_sitenote_note":"","_monsterinsights_sitenote_category":0,"footnotes":""},"class_list":["post-524","page","type-page","status-publish","hentry"],"acf":[],"aioseo_notices":[],"_links":{"self":[{"href":"https:\/\/ophtalmo-chazay.com\/index.php\/wp-json\/wp\/v2\/pages\/524","targetHints":{"allow":["GET"]}}],"collection":[{"href":"https:\/\/ophtalmo-chazay.com\/index.php\/wp-json\/wp\/v2\/pages"}],"about":[{"href":"https:\/\/ophtalmo-chazay.com\/index.php\/wp-json\/wp\/v2\/types\/page"}],"author":[{"embeddable":true,"href":"https:\/\/ophtalmo-chazay.com\/index.php\/wp-json\/wp\/v2\/users\/1"}],"replies":[{"embeddable":true,"href":"https:\/\/ophtalmo-chazay.com\/index.php\/wp-json\/wp\/v2\/comments?post=524"}],"version-history":[{"count":44,"href":"https:\/\/ophtalmo-chazay.com\/index.php\/wp-json\/wp\/v2\/pages\/524\/revisions"}],"predecessor-version":[{"id":1511,"href":"https:\/\/ophtalmo-chazay.com\/index.php\/wp-json\/wp\/v2\/pages\/524\/revisions\/1511"}],"wp:attachment":[{"href":"https:\/\/ophtalmo-chazay.com\/index.php\/wp-json\/wp\/v2\/media?parent=524"}],"curies":[{"name":"wp","href":"https:\/\/api.w.org\/{rel}","templated":true}]}}