{"id":88,"date":"2023-02-28T17:20:32","date_gmt":"2023-02-28T16:20:32","guid":{"rendered":"http:\/\/ophtalmo-chazay.com\/index.php\/about-us\/"},"modified":"2025-11-07T16:07:30","modified_gmt":"2025-11-07T15:07:30","slug":"about-us","status":"publish","type":"page","link":"https:\/\/ophtalmo-chazay.com\/index.php\/about-us\/","title":{"rendered":"Nos specialistes"},"content":{"rendered":"\t\t<div data-elementor-type=\"wp-page\" data-elementor-id=\"88\" class=\"elementor elementor-88\">\n\t\t\t\t\t\t<section class=\"elementor-section elementor-top-section elementor-element elementor-element-5d862f1 elementor-section-full_width elementor-section-content-middle elementor-section-height-default elementor-section-height-default\" data-id=\"5d862f1\" data-element_type=\"section\" data-settings=\"{&quot;background_background&quot;:&quot;classic&quot;}\">\n\t\t\t\t\t\t<div class=\"elementor-container elementor-column-gap-no\">\n\t\t\t\t\t<div class=\"elementor-column elementor-col-100 elementor-top-column elementor-element elementor-element-697029ed\" data-id=\"697029ed\" data-element_type=\"column\">\n\t\t\t<div class=\"elementor-widget-wrap elementor-element-populated\">\n\t\t\t\t\t\t<div class=\"elementor-element elementor-element-3a6528d2 elementor-widget elementor-widget-heading\" data-id=\"3a6528d2\" data-element_type=\"widget\" data-widget_type=\"heading.default\">\n\t\t\t\t<div class=\"elementor-widget-container\">\n\t\t\t\t\t<h1 class=\"elementor-heading-title elementor-size-default\">Nos Sp\u00e9cialistes<\/h1>\t\t\t\t<\/div>\n\t\t\t\t<\/div>\n\t\t\t\t\t<\/div>\n\t\t<\/div>\n\t\t\t\t\t<\/div>\n\t\t<\/section>\n\t\t\t\t<section class=\"elementor-section elementor-top-section elementor-element elementor-element-4db9502b elementor-section-full_width elementor-reverse-tablet elementor-reverse-mobile elementor-section-height-default elementor-section-height-default\" data-id=\"4db9502b\" data-element_type=\"section\">\n\t\t\t\t\t\t<div class=\"elementor-container elementor-column-gap-no\">\n\t\t\t\t\t<div class=\"elementor-column elementor-col-100 elementor-top-column elementor-element elementor-element-566bcc87\" data-id=\"566bcc87\" data-element_type=\"column\" data-settings=\"{&quot;background_background&quot;:&quot;classic&quot;}\">\n\t\t\t<div class=\"elementor-widget-wrap elementor-element-populated\">\n\t\t\t\t\t\t<div class=\"elementor-element elementor-element-70ef870c elementor-widget elementor-widget-heading\" data-id=\"70ef870c\" data-element_type=\"widget\" data-widget_type=\"heading.default\">\n\t\t\t\t<div class=\"elementor-widget-container\">\n\t\t\t\t\t<h2 class=\"elementor-heading-title elementor-size-default\">Notre \u00e9quipe<br>d'ophtalmologistes<\/h2>\t\t\t\t<\/div>\n\t\t\t\t<\/div>\n\t\t\t\t<section class=\"elementor-section elementor-inner-section elementor-element elementor-element-5df024b3 elementor-section-boxed elementor-section-height-default elementor-section-height-default\" data-id=\"5df024b3\" data-element_type=\"section\">\n\t\t\t\t\t\t<div class=\"elementor-container elementor-column-gap-wider\">\n\t\t\t\t\t<div class=\"elementor-column elementor-col-25 elementor-inner-column elementor-element elementor-element-4f5706c7\" data-id=\"4f5706c7\" data-element_type=\"column\">\n\t\t\t<div class=\"elementor-widget-wrap elementor-element-populated\">\n\t\t\t\t\t\t<div class=\"elementor-element elementor-element-4bceca11 elementor-position-top elementor-widget elementor-widget-image-box\" data-id=\"4bceca11\" data-element_type=\"widget\" data-widget_type=\"image-box.default\">\n\t\t\t\t<div class=\"elementor-widget-container\">\n\t\t\t\t\t<div class=\"elementor-image-box-wrapper\"><figure class=\"elementor-image-box-img\"><a href=\"https:\/\/www.doctolib.fr\/cabinet-medical\/chazay-d-azergues\/centre-ophtalmologique-chazay-d-azergues\" tabindex=\"-1\"><img fetchpriority=\"high\" decoding=\"async\" width=\"619\" height=\"700\" src=\"https:\/\/ophtalmo-chazay.com\/wp-content\/uploads\/2025\/11\/vjfdq2xqqiafhdueyayh.jpg\" class=\"elementor-animation-sink attachment-full size-full wp-image-1518\" alt=\"\" srcset=\"https:\/\/ophtalmo-chazay.com\/wp-content\/uploads\/2025\/11\/vjfdq2xqqiafhdueyayh.jpg 619w, https:\/\/ophtalmo-chazay.com\/wp-content\/uploads\/2025\/11\/vjfdq2xqqiafhdueyayh-265x300.jpg 265w\" sizes=\"(max-width: 619px) 100vw, 619px\" \/><\/a><\/figure><div class=\"elementor-image-box-content\"><h5 class=\"elementor-image-box-title\"><a href=\"https:\/\/www.doctolib.fr\/cabinet-medical\/chazay-d-azergues\/centre-ophtalmologique-chazay-d-azergues\">Coralie Ouilhon <\/a><\/h5><\/div><\/div>\t\t\t\t<\/div>\n\t\t\t\t<\/div>\n\t\t\t\t<div class=\"elementor-element elementor-element-ae78218 elementor-align-center elementor-widget elementor-widget-button\" data-id=\"ae78218\" data-element_type=\"widget\" data-widget_type=\"button.default\">\n\t\t\t\t<div class=\"elementor-widget-container\">\n\t\t\t\t\t\t\t\t\t<div class=\"elementor-button-wrapper\">\n\t\t\t\t\t<a class=\"elementor-button elementor-button-link elementor-size-sm\" href=\"https:\/\/www.doctolib.fr\/cabinet-medical\/chazay-d-azergues\/centre-ophtalmologique-chazay-d-azergues\">\n\t\t\t\t\t\t<span class=\"elementor-button-content-wrapper\">\n\t\t\t\t\t\t\t\t\t<span class=\"elementor-button-text\">Prendre rendez-vous<\/span>\n\t\t\t\t\t<\/span>\n\t\t\t\t\t<\/a>\n\t\t\t\t<\/div>\n\t\t\t\t\t\t\t\t<\/div>\n\t\t\t\t<\/div>\n\t\t\t\t\t<\/div>\n\t\t<\/div>\n\t\t\t\t<div class=\"elementor-column elementor-col-25 elementor-inner-column elementor-element elementor-element-5c51e15e\" data-id=\"5c51e15e\" data-element_type=\"column\">\n\t\t\t<div class=\"elementor-widget-wrap elementor-element-populated\">\n\t\t\t\t\t\t<div class=\"elementor-element elementor-element-7f77ffc9 elementor-position-top elementor-widget elementor-widget-image-box\" data-id=\"7f77ffc9\" data-element_type=\"widget\" data-widget_type=\"image-box.default\">\n\t\t\t\t<div class=\"elementor-widget-container\">\n\t\t\t\t\t<div class=\"elementor-image-box-wrapper\"><figure class=\"elementor-image-box-img\"><a href=\"https:\/\/www.doctolib.fr\/cabinet-medical\/chazay-d-azergues\/centre-ophtalmologique-chazay-d-azergues\" tabindex=\"-1\"><img decoding=\"async\" width=\"302\" height=\"465\" src=\"https:\/\/ophtalmo-chazay.com\/wp-content\/uploads\/2025\/11\/jtsp1bhdzmryhvjxuo0a-1.jpg\" class=\"elementor-animation-sink attachment-full size-full wp-image-1522\" alt=\"\" srcset=\"https:\/\/ophtalmo-chazay.com\/wp-content\/uploads\/2025\/11\/jtsp1bhdzmryhvjxuo0a-1.jpg 302w, https:\/\/ophtalmo-chazay.com\/wp-content\/uploads\/2025\/11\/jtsp1bhdzmryhvjxuo0a-1-195x300.jpg 195w\" sizes=\"(max-width: 302px) 100vw, 302px\" \/><\/a><\/figure><div class=\"elementor-image-box-content\"><h5 class=\"elementor-image-box-title\"><a href=\"https:\/\/www.doctolib.fr\/cabinet-medical\/chazay-d-azergues\/centre-ophtalmologique-chazay-d-azergues\">Marc Charleux<\/a><\/h5><\/div><\/div>\t\t\t\t<\/div>\n\t\t\t\t<\/div>\n\t\t\t\t<div class=\"elementor-element elementor-element-424bff4 elementor-align-center elementor-widget elementor-widget-button\" data-id=\"424bff4\" data-element_type=\"widget\" data-widget_type=\"button.default\">\n\t\t\t\t<div class=\"elementor-widget-container\">\n\t\t\t\t\t\t\t\t\t<div class=\"elementor-button-wrapper\">\n\t\t\t\t\t<a class=\"elementor-button elementor-button-link elementor-size-sm\" href=\"https:\/\/www.doctolib.fr\/cabinet-medical\/chazay-d-azergues\/centre-ophtalmologique-chazay-d-azergues\">\n\t\t\t\t\t\t<span class=\"elementor-button-content-wrapper\">\n\t\t\t\t\t\t\t\t\t<span class=\"elementor-button-text\">Prendre rendez-vous<\/span>\n\t\t\t\t\t<\/span>\n\t\t\t\t\t<\/a>\n\t\t\t\t<\/div>\n\t\t\t\t\t\t\t\t<\/div>\n\t\t\t\t<\/div>\n\t\t\t\t\t<\/div>\n\t\t<\/div>\n\t\t\t\t<div class=\"elementor-column elementor-col-25 elementor-inner-column elementor-element elementor-element-7835daa1\" data-id=\"7835daa1\" data-element_type=\"column\">\n\t\t\t<div class=\"elementor-widget-wrap elementor-element-populated\">\n\t\t\t\t\t\t<div class=\"elementor-element elementor-element-49303d9c elementor-position-top elementor-widget elementor-widget-image-box\" data-id=\"49303d9c\" data-element_type=\"widget\" data-widget_type=\"image-box.default\">\n\t\t\t\t<div class=\"elementor-widget-container\">\n\t\t\t\t\t<div class=\"elementor-image-box-wrapper\"><figure class=\"elementor-image-box-img\"><a href=\"https:\/\/www.doctolib.fr\/cabinet-medical\/chazay-d-azergues\/centre-ophtalmologique-chazay-d-azergues\" tabindex=\"-1\"><img decoding=\"async\" width=\"456\" height=\"395\" src=\"https:\/\/ophtalmo-chazay.com\/wp-content\/uploads\/2025\/11\/unnamed.webp\" class=\"elementor-animation-sink attachment-full size-full wp-image-1512\" alt=\"Ophtalmologue\" srcset=\"https:\/\/ophtalmo-chazay.com\/wp-content\/uploads\/2025\/11\/unnamed.webp 456w, https:\/\/ophtalmo-chazay.com\/wp-content\/uploads\/2025\/11\/unnamed-300x260.webp 300w\" sizes=\"(max-width: 456px) 100vw, 456px\" \/><\/a><\/figure><div class=\"elementor-image-box-content\"><h5 class=\"elementor-image-box-title\"><a href=\"https:\/\/www.doctolib.fr\/cabinet-medical\/chazay-d-azergues\/centre-ophtalmologique-chazay-d-azergues\">BRUCE CHARLEUX<\/a><\/h5><\/div><\/div>\t\t\t\t<\/div>\n\t\t\t\t<\/div>\n\t\t\t\t<div class=\"elementor-element elementor-element-8560034 elementor-align-center elementor-widget elementor-widget-button\" data-id=\"8560034\" data-element_type=\"widget\" data-widget_type=\"button.default\">\n\t\t\t\t<div class=\"elementor-widget-container\">\n\t\t\t\t\t\t\t\t\t<div class=\"elementor-button-wrapper\">\n\t\t\t\t\t<a class=\"elementor-button elementor-button-link elementor-size-sm\" href=\"https:\/\/www.doctolib.fr\/cabinet-medical\/chazay-d-azergues\/centre-ophtalmologique-chazay-d-azergues\">\n\t\t\t\t\t\t<span class=\"elementor-button-content-wrapper\">\n\t\t\t\t\t\t\t\t\t<span class=\"elementor-button-text\">Prendre rendez-vous<\/span>\n\t\t\t\t\t<\/span>\n\t\t\t\t\t<\/a>\n\t\t\t\t<\/div>\n\t\t\t\t\t\t\t\t<\/div>\n\t\t\t\t<\/div>\n\t\t\t\t\t<\/div>\n\t\t<\/div>\n\t\t\t\t<div class=\"elementor-column elementor-col-25 elementor-inner-column elementor-element elementor-element-50e61d9\" data-id=\"50e61d9\" data-element_type=\"column\">\n\t\t\t<div class=\"elementor-widget-wrap elementor-element-populated\">\n\t\t\t\t\t\t<div class=\"elementor-element elementor-element-b597953 elementor-position-top elementor-widget elementor-widget-image-box\" data-id=\"b597953\" data-element_type=\"widget\" data-widget_type=\"image-box.default\">\n\t\t\t\t<div class=\"elementor-widget-container\">\n\t\t\t\t\t<div class=\"elementor-image-box-wrapper\"><figure class=\"elementor-image-box-img\"><a href=\"https:\/\/www.doctolib.fr\/cabinet-medical\/chazay-d-azergues\/centre-ophtalmologique-chazay-d-azergues\" tabindex=\"-1\"><img loading=\"lazy\" decoding=\"async\" width=\"894\" height=\"940\" src=\"https:\/\/ophtalmo-chazay.com\/wp-content\/uploads\/2025\/11\/Dr-Boujenah.jpg\" class=\"elementor-animation-sink attachment-full size-full wp-image-1516\" alt=\"\" srcset=\"https:\/\/ophtalmo-chazay.com\/wp-content\/uploads\/2025\/11\/Dr-Boujenah.jpg 894w, https:\/\/ophtalmo-chazay.com\/wp-content\/uploads\/2025\/11\/Dr-Boujenah-285x300.jpg 285w, https:\/\/ophtalmo-chazay.com\/wp-content\/uploads\/2025\/11\/Dr-Boujenah-768x808.jpg 768w\" sizes=\"(max-width: 894px) 100vw, 894px\" \/><\/a><\/figure><div class=\"elementor-image-box-content\"><h5 class=\"elementor-image-box-title\"><a href=\"https:\/\/www.doctolib.fr\/cabinet-medical\/chazay-d-azergues\/centre-ophtalmologique-chazay-d-azergues\">YGAL BOUJNAH <\/a><\/h5><\/div><\/div>\t\t\t\t<\/div>\n\t\t\t\t<\/div>\n\t\t\t\t<div class=\"elementor-element elementor-element-d6385c6 elementor-align-center elementor-widget elementor-widget-button\" data-id=\"d6385c6\" data-element_type=\"widget\" data-widget_type=\"button.default\">\n\t\t\t\t<div class=\"elementor-widget-container\">\n\t\t\t\t\t\t\t\t\t<div class=\"elementor-button-wrapper\">\n\t\t\t\t\t<a class=\"elementor-button elementor-button-link elementor-size-sm\" href=\"https:\/\/www.doctolib.fr\/cabinet-medical\/chazay-d-azergues\/centre-ophtalmologique-chazay-d-azergues\">\n\t\t\t\t\t\t<span class=\"elementor-button-content-wrapper\">\n\t\t\t\t\t\t\t\t\t<span class=\"elementor-button-text\">Prendre rendez-vous<\/span>\n\t\t\t\t\t<\/span>\n\t\t\t\t\t<\/a>\n\t\t\t\t<\/div>\n\t\t\t\t\t\t\t\t<\/div>\n\t\t\t\t<\/div>\n\t\t\t\t\t<\/div>\n\t\t<\/div>\n\t\t\t\t\t<\/div>\n\t\t<\/section>\n\t\t\t\t\t<\/div>\n\t\t<\/div>\n\t\t\t\t\t<\/div>\n\t\t<\/section>\n\t\t\t\t<section class=\"elementor-section elementor-top-section elementor-element elementor-element-14823f57 elementor-section-full_width elementor-section-height-default elementor-section-height-default\" data-id=\"14823f57\" data-element_type=\"section\" data-settings=\"{&quot;background_background&quot;:&quot;classic&quot;}\">\n\t\t\t\t\t\t<div class=\"elementor-container elementor-column-gap-no\">\n\t\t\t\t\t<div class=\"elementor-column elementor-col-100 elementor-top-column elementor-element elementor-element-518f61ea\" data-id=\"518f61ea\" data-element_type=\"column\" data-settings=\"{&quot;background_background&quot;:&quot;classic&quot;}\">\n\t\t\t<div class=\"elementor-widget-wrap elementor-element-populated\">\n\t\t\t\t\t\t<section class=\"elementor-section elementor-inner-section elementor-element elementor-element-991c437 elementor-section-boxed elementor-section-height-default elementor-section-height-default\" data-id=\"991c437\" data-element_type=\"section\">\n\t\t\t\t\t\t<div class=\"elementor-container elementor-column-gap-default\">\n\t\t\t\t\t<div class=\"elementor-column elementor-col-100 elementor-inner-column elementor-element elementor-element-c552b4e\" data-id=\"c552b4e\" data-element_type=\"column\">\n\t\t\t<div class=\"elementor-widget-wrap elementor-element-populated\">\n\t\t\t\t\t\t<div class=\"elementor-element elementor-element-4e537c8 elementor-widget elementor-widget-heading\" data-id=\"4e537c8\" data-element_type=\"widget\" data-widget_type=\"heading.default\">\n\t\t\t\t<div class=\"elementor-widget-container\">\n\t\t\t\t\t<h2 class=\"elementor-heading-title elementor-size-default\"><span>Des experts \u00e0 votre service<\/span><\/h2>\t\t\t\t<\/div>\n\t\t\t\t<\/div>\n\t\t\t\t\t<\/div>\n\t\t<\/div>\n\t\t\t\t\t<\/div>\n\t\t<\/section>\n\t\t\t\t<div class=\"elementor-element elementor-element-a6c478b elementor-widget__width-initial elementor-widget elementor-widget-heading\" data-id=\"a6c478b\" data-element_type=\"widget\" data-widget_type=\"heading.default\">\n\t\t\t\t<div class=\"elementor-widget-container\">\n\t\t\t\t\t<h4 class=\"elementor-heading-title elementor-size-default\">Vous pouvez b\u00e9n\u00e9ficier des services d'une \u00e9quipe <b>pluridisciplinaire de sp\u00e9cialistes lyonnais<\/b> pour traiter un large \u00e9ventail de pathologies oculaires et de troubles visuels, y compris la <b>cataracte, le glaucome, la DMLA, les pathologies \nde la corn\u00e9e (y compris les greffes de corn\u00e9e<\/b>), <b>la chirurgie au laser, la r\u00e9tinopathie diab\u00e9tique, l'oculoplastie (traitement des maladies de l'orbite, des paupi\u00e8res et des voies lacrymales), ainsi que la p\u00e9diatrie.<\/b><\/h4>\t\t\t\t<\/div>\n\t\t\t\t<\/div>\n\t\t\t\t\t<\/div>\n\t\t<\/div>\n\t\t\t\t\t<\/div>\n\t\t<\/section>\n\t\t\t\t<\/div>\n\t\t","protected":false},"excerpt":{"rendered":"<p>Nos Sp\u00e9cialistes Notre \u00e9quiped&rsquo;ophtalmologistes Coralie Ouilhon Prendre rendez-vous Marc Charleux Prendre rendez-vous BRUCE CHARLEUX Prendre rendez-vous YGAL BOUJNAH Prendre rendez-vous Des experts \u00e0 votre service Vous pouvez b\u00e9n\u00e9ficier des services d&rsquo;une \u00e9quipe pluridisciplinaire de sp\u00e9cialistes lyonnais pour traiter un large \u00e9ventail de pathologies oculaires et de troubles visuels, y compris la cataracte, le glaucome, la [&hellip;]<\/p>\n","protected":false},"author":1,"featured_media":0,"parent":0,"menu_order":0,"comment_status":"closed","ping_status":"closed","template":"elementor_header_footer","meta":{"_acf_changed":false,"inline_featured_image":false,"_monsterinsights_skip_tracking":false,"_monsterinsights_sitenote_active":false,"_monsterinsights_sitenote_note":"","_monsterinsights_sitenote_category":0,"footnotes":""},"class_list":["post-88","page","type-page","status-publish","hentry"],"acf":[],"aioseo_notices":[],"_links":{"self":[{"href":"https:\/\/ophtalmo-chazay.com\/index.php\/wp-json\/wp\/v2\/pages\/88","targetHints":{"allow":["GET"]}}],"collection":[{"href":"https:\/\/ophtalmo-chazay.com\/index.php\/wp-json\/wp\/v2\/pages"}],"about":[{"href":"https:\/\/ophtalmo-chazay.com\/index.php\/wp-json\/wp\/v2\/types\/page"}],"author":[{"embeddable":true,"href":"https:\/\/ophtalmo-chazay.com\/index.php\/wp-json\/wp\/v2\/users\/1"}],"replies":[{"embeddable":true,"href":"https:\/\/ophtalmo-chazay.com\/index.php\/wp-json\/wp\/v2\/comments?post=88"}],"version-history":[{"count":52,"href":"https:\/\/ophtalmo-chazay.com\/index.php\/wp-json\/wp\/v2\/pages\/88\/revisions"}],"predecessor-version":[{"id":1530,"href":"https:\/\/ophtalmo-chazay.com\/index.php\/wp-json\/wp\/v2\/pages\/88\/revisions\/1530"}],"wp:attachment":[{"href":"https:\/\/ophtalmo-chazay.com\/index.php\/wp-json\/wp\/v2\/media?parent=88"}],"curies":[{"name":"wp","href":"https:\/\/api.w.org\/{rel}","templated":true}]}}